)/3 - (-6)/(-9). Let r = 20 + p. Calculate the greatest common divisor of 10 and r.
2
Let c = 308 + -172. Let f be ((-10)/(-15))/(8/204). Calculate the highest common factor of c and f.
17
Suppose 3*q - 96 = 234. Let r = -13 - -2. Let n be r/4*8/(-2). What is the highest common divisor of n and q?
11
Suppose 5*z - 607 = 25*l - 27*l, 2*z - 238 = -2*l. Calculate the highest common factor of 287 and z.
41
Let g be 3 - (-6 + 0 - 663). What is the highest common factor of g and 42?
42
Let c be (0/(-3) - 7) + 29 + 370. Calculate the greatest common factor of 882 and c.
98
Let d(j) = 10*j**3 + 7*j**2 - 7*j. Let m be d(1). Let n(s) = 24*s**2 + 2*s. Let x be n(2). What is the highest common divisor of m and x?
10
Let m(l) = l**3 - 3*l**2 - 4*l + 10. Let b be m(4). Suppose a - 341 = -4*a - 3*t, 2*t - 274 = -4*a. What is the highest common factor of b and a?
10
Suppose 4*u = -3*x + 27, -3*u - 2*x + 10 = -9. Let h = u - 3. Suppose 2*w + w + 2*c = 56, h = -4*w + c + 71. What is the greatest common divisor of 36 and w?
18
Suppose l - 4*q = q - 14, 4*l = -2*q + 54. Let n = l - -11. Let b be (-242)/(3 - 2 - 2). Calculate the highest common factor of b and n.
22
Let f be (-3)/6 + 99/18. Calculate the highest common factor of f and 95.
5
Let f(m) = -15*m - 199. Let b be f(-19). What is the highest common factor of 172 and b?
86
Let o(h) = 26*h**3 + h**2 + h. Let y be 4/8*10/5. Let m be o(y). Calculate the greatest common divisor of m and 8.
4
Suppose 2*i - 84 = 4*i. Let j = 67 + i. Let o = -17 + j. What is the highest common divisor of 40 and o?
8
Suppose 3*j = 2*o - 194 + 69, -j + 5 = 0. Let t = 33 + -23. Calculate the highest common factor of t and o.
10
Suppose 152*n - 12285 = 147*n. Suppose 29*a + n = 38*a. What is the highest common divisor of a and 21?
21
Let n = -2 + 9. Let b = -12 + 13. Let s = b - -6. Calculate the greatest common factor of n and s.
7
Suppose -3*w - 44 = -2*g - 6, -g - w + 14 = 0. What is the greatest common divisor of g and 4?
4
Let q = -179 + 291. Calculate the greatest common divisor of 16 and q.
16
Let j be 101/2 + -5 - (-2)/4. Let i = j - -14. Suppose 49 = 4*k - l - 10, -5*l = -5. Calculate the highest common divisor of i and k.
15
Let x be (-731)/34 + (-1)/(-2). Let w = x + 39. Calculate the greatest common factor of w and 54.
18
Let g(s) = -10*s - 27. Let o be g(-3). Suppose -6*d + 7*d = o*r - 10, 4*r - 16 = 4*d. Calculate the greatest common factor of 39 and r.
3
Let p be -3 + 3/(-3) + 19. Suppose -p = -11*a + 6*a. Suppose 0 = -j + a*d + 6, 1 = 4*d + 5. What is the highest common divisor of j and 1?
1
Let v(g) = g**3 - g**2 + g - 16. Let i(b) = -b**2 + 1. Let r(u) = -i(u) - v(u). Let l be r(0). Calculate the greatest common divisor of l and 60.
15
Suppose -5*a + 1 - 51 = 0. Let c(y) = -y + 12. Let z be c(0). Let f = a + z. Calculate the highest common factor of 14 and f.
2
Let a be 0*2/6 - 1. Let l be 661/4 - a/(-4). Let k be (-8 + (-385)/(-44))/(2/40). What is the greatest common divisor of k and l?
15
Let q(y) = 3*y**2 + 2 - y**2 - 7*y - 2 + 5. Let m be q(5). Suppose -m = -b - b. What is the greatest common divisor of 20 and b?
10
Suppose 3*c = -14 + 32. Suppose 10*a - 7*a - c = 0. Let v be (-4)/(-10) - (-28)/5. What is the highest common divisor of a and v?
2
Let g = -97 - -182. Let j be 37 - (-6)/4*-2. Calculate the highest common factor of g and j.
17
Let k(g) = g**3 + g**2 + g - 19. Let d be k(0). Suppose -376 = 5*r - 101. Let v = d - r. What is the greatest common divisor of v and 9?
9
Let m(t) = -t + 25. Let g be m(6). Suppose -s + 6 + g = 0. Calculate the highest common divisor of 25 and s.
25
Let i(m) = 2*m - 19. Let s be i(11). Suppose -175 = -4*a + 5*q, 3*q - s = -0. Calculate the highest common divisor of 5 and a.
5
Let r be (11/7 - 3)/((-32)/112). Suppose -5*h - 46 = 2*i, 4*i - 4*h + 10 = 3*i. Let m be i*((-1)/2 + -2). What is the greatest common divisor of r and m?
5
Suppose s - 177 = 5*b, 3*b - 5 - 7 = 0. Let t = s - 129. Calculate the highest common divisor of 17 and t.
17
Let f(k) = 7*k**2 - 4*k + 6. Let x be f(2). Let u = x + -23. Calculate the greatest common divisor of 57 and u.
3
Let p be (95/15)/(2/66). Suppose 0 = 5*x - p + 34. Let z(c) = 7*c - 21. Let h be z(4). Calculate the highest common divisor of x and h.
7
Let t(g) = -5*g**3 - 2*g**2 - 7*g - 10. Let q be t(-6). Calculate the greatest common factor of q and 16.
16
Let c(j) = -j**2 - 9*j + 87. Let t be c(5). Calculate the greatest common divisor of 51 and t.
17
Let l = 792 - 525. Let x = 155 + -44. Suppose 0 = -2*s + 3*c + l, 3*s - 2*c + x = 514. What is the greatest common divisor of 15 and s?
15
Let b(k) be the first derivative of k**4/4 - 5*k**3/3 + 5*k**2/2 + k - 12. Let f be b(3). Let s be f/8*(-8 + 4). What is the greatest common divisor of 8 and s?
1
Let g = 37 - 4. Let a = -848 + -85. Let r = -570 - a. Calculate the highest common factor of r and g.
33
Let u be 1 + 3 + 13/(39/900). Calculate the highest common factor of u and 57.
19
Suppose 5*l - 3*n - 255 = -2*n, 0 = 2*l + 3*n - 85. Let i be l - (-5 + (-1 - -2)). Suppose 0 = -8*z + 98 + i. What is the greatest common divisor of z and 57?
19
Let a(g) = 8*g - 55. Let z be a(17). Suppose 5*h + 4*k = -k + 95, -4*h - 3*k = -z. Calculate the greatest common factor of 6 and h.
6
Let g be (4 - 3)*(-44)/1. Let l = -39 - g. What is the greatest common factor of 55 and l?
5
Let o = 327 - 272. What is the greatest common divisor of 1375 and o?
55
Let a = 50 + -12. Suppose -o + 97 + 100 = 0. Let t = o - 140. Calculate the highest common factor of a and t.
19
Suppose 2*m + 2*m = 48. Let x be ((-1)/(-3))/((-4)/(-120)). Let u be (264/x)/(5/25). What is the greatest common factor of u and m?
12
Let x(a) = 11*a - 9. Let c = -49 - -52. Let u be x(c). What is the highest common divisor of 120 and u?
24
Let n be 17415/301 + (-2)/(-14). What is the greatest common factor of 58 and n?
58
Suppose 0 = -4*p + 482 + 30. Suppose 4*a + 4*b + 56 = 0, b + 2*b = -5*a - 76. Let s = 33 + a. Calculate the highest common factor of p and s.
16
Suppose -2*c + 38 = -10. What is the highest common factor of c and 192?
24
Let i = 140 - 96. Let n be 4/(-22) - (-2120)/i. Calculate the greatest common factor of n and 16.
16
Let p = 0 + -4. Let g = p + 7. Let d be -24*(-2 + -2 + g). Calculate the highest common divisor of 3 and d.
3
Suppose -15 = 5*d - 145. Suppose -3*l + 40 = -s - 4, -3*s - 15 = 0. What is the highest common divisor of d and l?
13
Let t(q) = 92*q**2 + 11*q - 7. Let x be t(1). What is the greatest common divisor of 216 and x?
24
Suppose 0 = -v + 2*p + 397, 5*p = -5*v + v + 1640. What is the highest common divisor of v and 45?
45
Let b be 5319/(-33) - (-2 - (-40)/22). Let g = 323 + b. Calculate the highest common factor of 18 and g.
18
Suppose 0 = 5*y - 2*k - 13 + 1, -3*y + 32 = 5*k. Let t = 136 + -84. What is the highest common factor of t and y?
4
Let a(p) = 8*p - 83. Let u be a(16). Calculate the highest common factor of u and 165.
15
Suppose 2*j - 24 = -2*d, -j - 3*d + 1 = -3. Let o = 35 - j. What is the highest common factor of 209 and o?
19
Suppose 0 = -2*u + 10 - 6. Suppose 0 = 2*d + u*w - 32, -w + 5*w = 0. Calculate the greatest common factor of 48 and d.
16
Suppose 5*o - 7 = 3. Suppose -o*r + 27 = r. Let z(t) = -t**2 + 13*t. Let y be z(r). Calculate the highest common factor of 24 and y.
12
Let i be 4/(-30)*3 + (-8)/5. Let k be 464/24*(-3)/i. What is the highest common divisor of k and 319?
29
Suppose s - 5 = j, -5*s = -0*s - 2*j - 31. Suppose -s = -o - 0*o. What is the highest common factor of 7 and o?
7
Suppose 12 = -3*m - 5*p + 2*p, 5*m + 2*p = -14. Let s be 4 - (m + -1*15). What is the greatest common divisor of 189 and s?
21
Let r(z) be the third derivative of z**6/120 - z**5/20 + z**4/12 + 2*z**3/3 + 29*z**2. Let y be r(2). What is the greatest common divisor of 5 and y?
1
Let w be 3 + (-4)/4 + 2. Suppose -20 = i + w*d + 6, 4*d + 2 = 3*i. Let l be 21/2*(-4)/i. Calculate the highest common factor of l and 56.
7
Suppose -157*r - 144 = -161*r. Calculate the greatest common factor of r and 396.
36
Suppose 0 = -2*f - 4, -f = -h + f + 289. Calculate the highest common divisor of 475 and h.
95
Let d be (-17 + 2 + 2)/(-1). Let x = d - 8. What is the highest common factor of 20 and x?
5
Suppose -w + 3 = -2*w